reds digit of 779?
7
What is the hundreds digit of 657?
6
What is the hundreds digit of 2144?
1
What is the tens digit of 11993?
9
What is the tens digit of 2779?
7
What is the tens digit of 575?
7
What is the hundreds digit of 2994?
9
What is the tens digit of 5546?
4
What is the units digit of 39699?
9
What is the thousands digit of 23184?
3
What is the units digit of 42801?
1
What is the hundreds digit of 816?
8
What is the thousands digit of 1057?
1
What is the thousands digit of 10790?
0
What is the tens digit of 68775?
7
What is the ten thousands digit of 13861?
1
What is the hundreds digit of 12632?
6
What is the hundreds digit of 3229?
2
What is the hundreds digit of 12929?
9
What is the tens digit of 34650?
5
What is the units digit of 36097?
7
What is the hundreds digit of 2457?
4
What is the units digit of 2302?
2
What is the hundreds digit of 3539?
5
What is the thousands digit of 53111?
3
What is the tens digit of 66579?
7
What is the hundreds digit of 395?
3
What is the units digit of 78707?
7
What is the tens digit of 28557?
5
What is the thousands digit of 23362?
3
What is the hundreds digit of 887?
8
What is the tens digit of 9365?
6
What is the thousands digit of 57718?
7
What is the units digit of 30583?
3
What is the hundreds digit of 8808?
8
What is the hundreds digit of 3902?
9
What is the tens digit of 3541?
4
What is the hundreds digit of 174187?
1
What is the thousands digit of 1271?
1
What is the units digit of 5577?
7
What is the ten thousands digit of 31953?
3
What is the units digit of 1354?
4
What is the units digit of 7863?
3
What is the tens digit of 794?
9
What is the thousands digit of 2205?
2
What is the ten thousands digit of 76145?
7
What is the thousands digit of 26025?
6
What is the hundreds digit of 4120?
1
What is the hundreds digit of 1297?
2
What is the units digit of 8389?
9
What is the thousands digit of 3327?
3
What is the tens digit of 3431?
3
What is the thousands digit of 2978?
2
What is the hundreds digit of 94096?
0
What is the ten thousands digit of 21173?
2
What is the hundreds digit of 5265?
2
What is the tens digit of 827?
2
What is the ten thousands digit of 68373?
6
What is the units digit of 71?
1
What is the thousands digit of 3797?
3
What is the thousands digit of 4475?
4
What is the thousands digit of 7482?
7
What is the hundreds digit of 4687?
6
What is the tens digit of 8587?
8
What is the units digit of 3909?
9
What is the thousands digit of 6627?
6
What is the units digit of 50621?
1
What is the tens digit of 654?
5
What is the thousands digit of 1806?
1
What is the thousands digit of 22024?
2
What is the tens digit of 185?
8
What is the tens digit of 9059?
5
What is the thousands digit of 7102?
7
What is the thousands digit of 57127?
7
What is the ten thousands digit of 81034?
8
What is the ten thousands digit of 80810?
8
What is the hundreds digit of 1053?
0
What is the hundreds digit of 654?
6
What is the tens digit of 14352?
5
What is the hundreds digit of 908?
9
What is the hundreds digit of 381?
3
What is the units digit of 20006?
6
What is the hundreds digit of 51764?
7
What is the hundreds digit of 331?
3
What is the hundreds digit of 713?
7
What is the units digit of 2?
2
What is the units digit of 4889?
9
What is the thousands digit of 3834?
3
What is the thousands digit of 6864?
6
What is the units digit of 4137?
7
What is the hundreds digit of 75567?
5
What is the hundred thousands digit of 128604?
1
What is the units digit of 70764?
4
What is the hundreds digit of 103?
1
What is the units digit of 1893?
3
What is the thousands digit of 2007?
2
What is the units digit of 12936?
6
What is the units digit of 40148?
8
What is the units digit of 73837?
7
What is the tens digit of 445?
4
What is the units digit of 38653?
3
What is the hundreds digit of 10879?
8
What is the tens digit of 9524?
2
What is the thousands digit of 76876?
6
What is the units digit of 1000?
0
What is the tens digit of 364?
6
What is the hundreds digit of 49772?
7
What is the tens digit of 149848?
4
What is the hundreds digit of 627?
6
What is the units digit of 67277?
7
What is the thousands digit of 76073?
6
What is the tens digit of 13799?
9
What is the thousands digit of 3928?
3
What is the tens digit of 804?
0
What is the tens digit of 552?
5
What is the thousands digit of 2973?
2
What is the units digit of 2032?
2
What is the tens digit of 165573?
7
What is the ten thousands digit of 13916?
1
What is the units digit of 1251?
1
What is the units digit of 1265?
5
What is the thousands digit of 2209?
2
What is the units digit of 62?
2
What is the thousands digit of 18735?
8
What is the units digit of 122423?
3
What is the thousands digit of 1410?
1
What is the tens digit of 944?
4
What is the units digit of 107830?
0
What is the hundreds digit of 97827?
8
What is the tens digit of 1839?
3
What is the thousands digit of 40556?
0
What is the thousands digit of 16077?
6
What is the thousands digit of 1515?
1
What is the ten thousands digit of 21291?
2
What is the tens digit of 65412?
1
What is the units digit of 608?
8
What is the hundreds digit of 210?
2
What is the ten thousands digit of 22593?
2
What is the units digit of 316?
6
What is the ten thousands digit of 28649?
2
What is the tens digit of 21042?
4
What is the hundreds digit of 818?
8
What is the units digit of 12270?
0
What is the hundreds digit of 371?
3
What is the hundreds digit of 3507?
5
What is the hundreds digit of 2783?
7
What is the tens digit of 1066?
6
What is the hundreds digit of 170375?
3
What is the units digit of 1500?
0
What is the thousands digit of 40729?
0
What is the units digit of 43604?
4
What is the hundreds digit of 462?
4
What is the units digit of 84752?
2
What is the tens digit of 2470?
7
What is the hundreds digit of 1968?
9
What is the tens digit of 31177?
7
What is the thousands digit of 2615?
2
What is the tens digit of 2079?
7
What is the tens digit of 146446?
4
What is the hundreds digit of 3401?
4
What is the hundreds digit of 2298?
2
What is the thousands digit of 11373?
1
What is the hundreds digit of 6732?
7
What is the units digit of 2575?
5
What is the tens digit of 977?
7
What is the thousands digit of 39366?
9
What is the hundreds digit of 1631?
6
What is the thousands digit of 1200?
1
What is the hundreds digit of 59755?
7
What is the thousands digit of 22916?
2
What is the hundreds digit of 63529?
5
What is the units digit of 35470?
0
What is the units digit of 789?
9
What is the thousands digit of 3642?
3
What is the ten thousands digit of 33359?
3
What is the units digit of 25816?
6
What is the hundreds digit of 43112?
1
What is the units digit of 679?
9
What is the tens digit of 1592?
9
What is the hundreds digit of 1323?
3
What is the hundreds digit of 2231?
2
What is the tens digit of 78969?
6
What is the hundreds digit of 2284?
2
What is the ten thousands digit of 130458?
3
What is the units digit of 18974?
4
What is the hundreds digit of 13566?
5
What is the tens digit of 32240?
4
What is the hundreds digit of 1493?
4
What is the units digit of 1277?
7
What is the hundreds digit of 282?
2
What is the tens digit of 25000?
0
What is the units digit of 886?
6
What is the units digit of 809?
9
What is the tens digit of 22763?
6
What is the hundreds digit of 2406?
4
What is the thousands digit of 36877?
6
What is the tens digit of 595?
9
What is the ten thousands digit of 63509?
6
What is the thousands digit of 1832?
1
What is the tens digit of 4770?
7
What is the units digit of 21559?
9
What is the units digit of 3395?
5
What is the tens digit of 43791?
9
What is the units digit of 405?
5
What is the hundreds digit of 2144?
1
What is the thousands digit of 11330?
1
What is the thousands digit of 5515?
5
What is the hundreds digit of 5782?
7
What is the tens digit of 44367?
6
What is the hundreds digit of 3658?
6
What is the thousands digit of 7866?
7
What is the hundreds digit of 445?
4
What is the hundreds digit of 488?
4
What is the tens digit of 942?
4
What is the hundreds digit of 7987?
9
What is the tens digit of 830?
3
What is the tens digit of 190?
9
What is the hundreds digit of 5574?
5
What is the hundreds digit of 79095?
0
What is the units digit of 908?
8
What is the hundred